0010211?
1110010210
In base 14, what is 1614 - -7?
161b
In base 14, what is -3411c - 5?
-34123
In base 6, what is -50 - 245423?
-245513
In base 10, what is -61150 + -5?
-61155
In base 9, what is -168800 - -7?
-168782
In base 9, what is -265 + -163?
-438
In base 9, what is -1 + -107621?
-107622
In base 13, what is -3090 - 7?
-3097
In base 4, what is 1 - -13123322?
13123323
In base 15, what is -b + -13a3?
-13ae
In base 6, what is 14 - 2040151?
-2040133
In base 2, what is -11100 + 11010111111?
11010100011
In base 3, what is 101220022 + 10?
101220102
In base 2, what is 100 - 101010111000011?
-101010110111111
In base 8, what is 122 - 1732?
-1610
In base 12, what is 23130 + 2?
23132
In base 11, what is -4 + 25878?
25874
In base 10, what is 50596 + -4?
50592
In base 4, what is -3 + -2013030?
-2013033
In base 15, what is -2 + -26d7?
-26d9
In base 7, what is -4 - 5143?
-5150
In base 14, what is -4 - 3c3a?
-3c40
In base 3, what is -21 + 111000010?
110222212
In base 12, what is -4 - 48040?
-48044
In base 15, what is 55 + 9e1?
a46
In base 2, what is 1110001100011010 + -10?
1110001100011000
In base 16, what is d - -700?
70d
In base 8, what is -24 - 6545?
-6571
In base 9, what is -38477 - 23?
-38511
In base 11, what is -343 + -422?
-765
In base 16, what is 40db - 5?
40d6
In base 11, what is -1241 + 9?
-1233
In base 9, what is 3 + 277861?
277864
In base 5, what is 30212 + 4?
30221
In base 4, what is 2102 + -20?
2022
In base 4, what is 20100201331 - 11?
20100201320
In base 16, what is -5 + -6e41?
-6e46
In base 10, what is 2940 + -2340?
600
In base 8, what is -5 + -2172470?
-2172475
In base 2, what is 10111011001110010101111 - -10?
10111011001110010110001
In base 8, what is 306 - 21326?
-21020
In base 2, what is -1010 + 1101111110?
1101110100
In base 11, what is 12273 + 5?
12278
In base 9, what is 123 + 2142?
2265
In base 4, what is -333311 - 0?
-333311
In base 4, what is -10 + 31303013?
31303003
In base 9, what is -25 - 61458?
-61484
In base 10, what is 5 + -255657?
-255652
In base 3, what is 111201 + 2210?
121111
In base 5, what is 1330 - 4223?
-2343
In base 15, what is 35 + 937?
96c
In base 16, what is -4a - c80?
-cca
In base 7, what is 1201443 + -1?
1201442
In base 14, what is 50 - -500?
550
In base 15, what is 57 + 4c?
a4
In base 12, what is 956 - -3?
959
In base 13, what is 1c6 + -12?
1b4
In base 14, what is 7 + 1501?
1508
In base 16, what is 100af3 - 1?
100af2
In base 12, what is 6405 + -3?
6402
In base 16, what is -5 - -2f29?
2f24
In base 9, what is -207 - 2138?
-2346
In base 14, what is 2c918 - 10?
2c908
In base 2, what is -10100101110 + -110110000?
-11011011110
In base 14, what is -7 - -b0?
a7
In base 5, what is 3 + 31411432?
31411440
In base 7, what is -466 - 52?
-551
In base 16, what is -5a - 1a15?
-1a6f
In base 5, what is 22 + 13242200?
13242222
In base 11, what is -4 + 59781?
59778
In base 9, what is 275 + 48?
334
In base 3, what is -100202101010 + 0?
-100202101010
In base 5, what is -31 + 1441201?
1441120
In base 3, what is 21001222 - -12?
21002011
In base 7, what is 10 + -614005?
-613665
In base 13, what is -64 + -3cc?
-463
In base 16, what is 141 - 4e9?
-3a8
In base 11, what is 675 + -6a1?
-27
In base 12, what is -34 - -2685?
2651
In base 7, what is 2001525 - 5?
2001520
In base 4, what is 20302 + -1033?
13203
In base 7, what is -5460136 + 11?
-5460125
In base 15, what is 4 + -2282c8?
-2282c4
In base 6, what is -3324524 + 0?
-3324524
In base 14, what is 5c9949 - 3?
5c9946
In base 10, what is 4 - -33452?
33456
In base 10, what is 74218 - -3?
74221
In base 6, what is 1 + 13420?
13421
In base 13, what is 17b - 195?
-17
In base 3, what is 101120 - -122?
102012
In base 13, what is 24 + 11a6?
11ca
In base 10, what is -127 - -491?
364
In base 13, what is 11cc - -2ba?
14b9
In base 15, what is -5 + b4bc?
b4b7
In base 15, what is 607 + -d15?
-70d
In base 6, what is 2 + 241541?
241543
In base 11, what is 137093 + 2?
137095
In base 15, what is -5 + -1950db?
-1950e1
In base 10, what is -6 - 14393?
-14399
In base 14, what is -3 + -13c413?
-13c416
In base 5, what is -342 - -2430?
2033
In base 7, what is 42125 + 2?
42130
In base 12, what is -b043a2 + -3?
-b043a5
In base 6, what is 33304 - -12?
33320
In base 9, what is 182524 + 4?
182528
In base 5, what is 3 - -20314221?
20314224
In base 2, what is 1000000 - 11010010001?
-11001010001
In base 12, what is -3981b + -1?
-39820
In base 14, what is -4d08 - 90?
-4d98
In base 2, what is -1110100 + -111010001?
-1001000101
In base 8, what is -40 + -6627?
-6667
In base 8, what is -174 + 5051?
4655
In base 15, what is 27 - -2e2e?
2e56
In base 3, what is -1220211 + 10000?
-1210211
In base 7, what is 156206 - -316?
156525
In base 14, what is -5 + 7dcd?
7dc8
In base 7, what is 51540613 + 2?
51540615
In base 12, what is 16259 - -3?
16260
In base 8, what is 65 - -33522?
33607
In base 10, what is -5 - -578?
573
In base 15, what is -388018 + 4?
-388014
In base 15, what is 62 + 20c?
26e
In base 14, what is 40 + -2040?
-2000
In base 4, what is 10 - -3000323?
3000333
In base 15, what is -1 - d0255?
-d0256
In base 16, what is 0 + 14c88?
14c88
In base 10, what is 2416 - -40?
2456
In base 3, what is -12222100 + -22?
-12222122
In base 15, what is 17c + 1d3?
360
In base 10, what is 0 - 11504?
-11504
In base 12, what is -1498 + -26?
-1502
In base 3, what is -111 - -200200?
200012
In base 3, what is 1 + -20101111210?
-20101111202
In base 15, what is -4a + -35c?
-3a7
In base 4, what is -10 + 1030132?
1030122
In base 11, what is 14 - -47416?
4742a
In base 3, what is 101001 + -1101102020?
-1101001012
In base 12, what is 72 + a7a?
b30
In base 14, what is 1c8a + 5?
1c91
In base 9, what is 1356 + -86?
1260
In base 4, what is -113 + -22003?
-22122
In base 15, what is -1 + 83e67?
83e66
In base 10, what is -1 - 8301?
-8302
In base 16, what is 1d96 - 1?
1d95
In base 7, what is 13 + -1213525?
-1213512
In base 2, what is 100101011001100010 + -101?
100101011001011101
In base 8, what is -160135 - 4?
-160141
In base 5, what is -313 - -2423?
2110
In base 13, what is 4 + 17482?
17486
In base 15, what is -17b4 + c?
-17a7
In base 14, what is -1 - -31723?
31722
In base 4, what is 1000 - -2330?
3330
In base 8, what is 6 + -60245?
-60237
In base 9, what is -35478 - 18?
-35507
In base 2, what is -11 - 101111010000011000?
-101111010000011011
In base 12, what is -21ba + 138?
-2082
In base 7, what is 11653 - 240?
11413
In base 10, what is 517 - 4624?
-4107
In base 6, what is -203 + 355?
152
In base 15, what is -23 + -9edc?
-a010
In base 8, what is -2427 + 1?
-2426
In base 7, what is 5 + 3114?
3122
In base 15, what is -b316 - -d?
-b308
In base 8, what is 215532 - -5?
215537
In base 14, what is -bb6 - 130?
-d06
In base 3, what is -211010 + 102000?
-102010
In base 3, what is 20021210212 - -10?
20021210222
In base 4, what is -1312301 - 11?
-1312312
In base 10, what is 5 - 864744?
-864739
In base 16, what is 21 - -7802?
7823
In base 12, what is -13b - 38?
-177
In base 3, what is -1002110102 - -10?
-1002110022
In base 3, what is -10210020 + 2?
-10210011
In base 10, what is 781421 + -3?
781418
In base 14, what is -31 - 380?
-3b1
In base 15, what is 3 + -12ca?
-12c7
In base 4, what is -2 + 1012002?
1012000
In base 15, what is 4 + 4482e?
44833
In base 5, what is -113332 + -22?
-113404
In base 9, what is -15033 + 11?
-15022
In base 13, what is 5 + -1358cc?
-1358c7
In base 16, what is 1e92 - -9e?
1f30
In base 13, what is -a76 - 33?
-aa9
In base 13, what is 4 - 12ccc3?
-12ccbc
In base 6, what is 23004 - 512?
22052
In base 4, what is -3313301 + -2?
-3313303
In base 11, what is 144836 - -1?
144837
In base 16, what is 256f + 0?
256f
In base 11, what is 491 - 83a?
-359
In base 6, what is 10 + -10341?
-10331
In base 15, what is -1249e + -e?
-124ad
In base 9, what is -3 - 31882?
-31885
In base 14, what is -46 - 13d3?
-1439
In base 14, what is 490 - -4?
494
In base 7, what is 0 - -334020?
334020
In base 13, what is -42 - -533?
4c1
In base 2, what is -101100101111001011 + -111?
-101100101111010010
In base 4, what is 10 + 2033200?
2033210
In base 8, what is 15547 - 7?
15540
In base 5, what is 122324 - -10?
122334
In base 14, what is -9 + 4153?
4148
In base 8, what is -237 - -130?
-107
In base 15, what is 4 + 56772?
56776
In base 14, what is -5 + -6316?
-631b
In base 8, what is 627